295839?
False
Is 1990251 a multiple of 2?
False
Is 1626004778 a multiple of 10?
False
Is 428974748 a multiple of 1198?
False
Does 932 divide 63909801?
False
Is 2187607 a multiple of 3?
False
Does 2 divide 30405026?
True
Does 189 divide 13753341?
True
Is 459793764 a multiple of 18?
True
Is 82097773 a multiple of 546?
False
Is 95 a factor of 4419538510?
True
Is 8960 a factor of 1539620333?
False
Is 521770678 a multiple of 42?
False
Is 269119858 a multiple of 346?
False
Is 201904230 a multiple of 127?
False
Is 16145986 even?
True
Is 1860263745 a multiple of 40?
False
Is 213 a factor of 1721710737?
True
Is 283 a factor of 3761131?
False
Is 57 a factor of 22472820?
True
Is 3786 a factor of 163418904?
True
Is 16 a factor of 12388731?
False
Is 426590044 a multiple of 24?
False
Does 391 divide 837491111?
True
Does 358 divide 65595982?
True
Is 26154031 a multiple of 108?
False
Does 17 divide 594644275?
True
Is 622285961 a multiple of 430?
False
Is 1386 a factor of 8092854?
True
Is 14 a factor of 11156748?
False
Is 848 a factor of 400519728?
True
Does 587 divide 17400441?
True
Is 1645 a factor of 120512700?
True
Is 257174771 a multiple of 11?
False
Does 86 divide 17928678?
True
Does 7025 divide 491750000?
True
Is 720910462 a multiple of 338?
False
Does 10 divide 25147510?
True
Does 162 divide 947046978?
True
Is 30793714 a multiple of 586?
True
Is 420031875 a multiple of 1245?
True
Is 373679442 a multiple of 2987?
False
Is 49044322 a multiple of 88?
False
Is 1873578522 a multiple of 122?
True
Is 2828705 a multiple of 129?
False
Is 419512091 a multiple of 44?
False
Is 23 a factor of 63354213?
True
Does 12 divide 60776435?
False
Does 74 divide 16523016?
True
Is 51995184 a multiple of 9?
False
Does 16 divide 464282966?
False
Does 381 divide 4607085147?
True
Does 419 divide 16776341?
True
Is 257 a factor of 6743247?
False
Is 14 a factor of 7113736?
True
Does 10 divide 49730520?
True
Does 79 divide 85005268?
False
Does 6 divide 53400211?
False
Is 11 a factor of 158800448?
False
Is 534 a factor of 241141143?
False
Is 3621720 a multiple of 8?
True
Is 1476124 a multiple of 4?
True
Does 196 divide 9287210?
False
Does 16 divide 63183104?
True
Is 229773312 a multiple of 9?
True
Is 547910204 a multiple of 17?
True
Does 15 divide 34000993?
False
Is 16853360 a multiple of 20?
True
Does 3 divide 12800718?
True
Is 602172942 a multiple of 2395?
False
Does 49 divide 30023419?
False
Does 14 divide 19414130?
False
Is 825 a factor of 1380739214?
False
Is 303 a factor of 220493403?
True
Is 1369423 a multiple of 2?
False
Does 7 divide 320275200?
True
Is 220 a factor of 106560894?
False
Does 7 divide 24854956?
True
Does 18 divide 124653384?
True
Does 27 divide 4289827067?
False
Is 20708738 a multiple of 1471?
True
Does 40 divide 134337630?
False
Is 262 a factor of 1016223587?
False
Is 2543 a factor of 425118396?
True
Is 16210170 a multiple of 943?
True
Does 41 divide 24535997?
False
Is 22 a factor of 610771964?
True
Is 25432777 a multiple of 67?
False
Does 94 divide 70686308?
True
Is 7 a factor of 4064537190?
True
Is 1003 a factor of 957566608?
False
Is 66 a factor of 2327976596?
False
Is 50 a factor of 1729870250?
True
Is 6 a factor of 46385838?
True
Does 3355 divide 105514275?
False
Does 5 divide 120110?
True
Does 45 divide 823612033?
False
Is 16 a factor of 96956608?
True
Does 361 divide 24698685?
False
Is 39 a factor of 493110813?
True
Is 730 a factor of 47655860?
True
Is 43086848 a multiple of 448?
True
Is 32359158 a multiple of 183?
True
Does 270 divide 84260125?
False
Is 164119489 a multiple of 389?
True
Does 1550 divide 23897900?
True
Is 681 a factor of 1699614603?
True
Is 40408796 a multiple of 193?
True
Does 1187 divide 127249961?
True
Is 1523316830 a multiple of 14?
True
Is 3692 a factor of 1354290215?
False
Does 4767 divide 577412409?
True
Is 41414036 a multiple of 95?
False
Is 201854566 a multiple of 279?
False
Does 12 divide 10712881?
False
Is 1399 a factor of 1719371?
True
Is 1749751328 a multiple of 3172?
True
Is 1107778770 a multiple of 1158?
False
Does 809 divide 7783431?
False
Is 301588601 a multiple of 220?
False
Is 368 a factor of 74393776?
True
Is 134565017 a multiple of 1504?
False
Does 860 divide 647684060?
True
Does 128 divide 561353472?
True
Is 27279851 a multiple of 82?
False
Does 491 divide 65613312?
True
Is 2110975552 a multiple of 16?
True
Is 1132 a factor of 14442056?
True
Is 5 a factor of 8970810?
True
Does 36 divide 48672504?
True
Is 244 a factor of 17124652?
True
Is 5168 a factor of 386024820?
False
Is 12446640 a multiple of 9?
True
Is 5 a factor of 10099484?
False
Does 39 divide 3191791668?
True
Is 1488015702 a multiple of 9?
True
Is 31 a factor of 125423905?
False
Is 609780488 a multiple of 764?
True
Is 36773353 a multiple of 401?
False
Is 12 a factor of 46969884?
True
Does 1963 divide 128611834?
True
Is 763 a factor of 388699455?
False
Is 43285440 a multiple of 30?
True
Is 1586694 a multiple of 67?
True
Is 2 a factor of 5476294?
True
Is 1903086 a multiple of 6?
True
Is 4596 a factor of 227880783?
False
Does 124 divide 536285089?
False
Is 1263556282 a multiple of 20?
False
Is 7572 a factor of 2699952359?
False
Does 2376 divide 65801495?
False
Is 705091590 a multiple of 4570?
True
Does 18 divide 12636558?
True
Is 2777 a factor of 7939443?
True
Is 378 a factor of 5133240?
True
Is 5 a factor of 33068235?
True
Is 75 a factor of 268990125?
True
Is 897 a factor of 173454319?
False
Is 237 a factor of 87617365?
False
Does 14 divide 9332800?
False
Is 64321920 a multiple of 130?
True
Does 19 divide 33326707?
False
Does 45 divide 18121770?
True
Is 636 a factor of 107815356?
True
Is 2018424456 a multiple of 472?
True
Is 1782 a factor of 89169498?
True
Does 3 divide 7726841?
False
Does 9 divide 145274040?
True
Is 3743948200 a multiple of 773?
True
Is 25415404 a multiple of 417?
False
Does 61 divide 1241257158?
True
Is 55448544 even?
True
Is 23 a factor of 486160236?
False
Is 2927986374 a multiple of 180?
False
Does 4699 divide 356339267?
True
Is 635 a factor of 29595266?
False
Does 241 divide 36560497?
False
Is 11955084 a multiple of 10?
False
Is 3326553780 a multiple of 330?
True
Is 162 a factor of 3327481782?
True
Is 25 a factor of 29377894?
False
Is 29846745 a multiple of 140?
False
Is 171901651 a multiple of 4575?
False
Is 3193 a factor of 274940907?
False
Does 63 divide 37493495?
False
Is 34 a factor of 7517876?
True
Is 54324119 a multiple of 98?
False
Is 1466 a factor of 141077578?
True
Is 5 a factor of 12429510?
True
Does 39 divide 144636870?
False
Is 695818647 a multiple of 129?
True
Is 64818055 a multiple of 114?
False
Does 34 divide 25388582?
True
Does 560 divide 1133144320?
True
Is 627285 a multiple of 19?
True
Is 1446430510 a multiple of 113?
True
Is 89341588 a multiple of 1646?
True
Is 29 a factor of 38336211?
False
Is 104 a factor of 5452323?
False
Does 47 divide 479996665?
True
Is 3 a factor of 379344031?
False
Is 8 a factor of 14896479?
False
Is 123321513 a multiple of 21?
True
Does 12 divide 111314256?
True
Is 11669360 a multiple of 733?
True
Is 386 a factor of 1304501282?
True
Is 612 a factor of 242493559?
False
Does 678 divide 530053620?
True
Is 21425523 a multiple of 11?
False
Does 17 divide 60146357?
True
Is 193865176 a multiple of 1033?
True
Is 6424 a factor of 937158816?
True
Is 48196841 a multiple of 65?
False
Is 66907099 a multiple of 163?
True
Does 48 divide 24755799?
False
Is 35077019 a multiple of 69?
False
Is 21 a factor of 5428039319?
False
Is 614017452 a multiple of 12?
True
Is 3210 a factor of 52037310?
True
Does 13 divide 5272202?
True
Is 223212194 a multiple of 851?
True
Is 349 a factor of 2033823675?
True
Is 1229 a factor of 3553862430?
True
Is 32588107 a multiple of 1210?
False
Does 1042 divide 51522732?
True
Is 1284256534 a multiple of 34?
True
Is 254344 a multiple of 2185?
False
Is 886917665 a multiple of 3976?
False
Is 20 a factor of 7358480?
True
Is 91925160 a multiple of 8?
True
Is 168757036 a multiple of 14?
True
Is 1452 a factor of 1184188764?
True
Is 5183990339 a multiple of 2223?
False
Does 2489 divide 38891981?
False
Is 227836040 a multiple of 136?
True
Is 29 a factor of 76015423?
False
Is 79507014 a multiple of 7?
False
Is 15 a factor of 6580062636?
False
Is 19 a factor of 24939023?
False
Does 57 divide 